 divided by 21?
19
What is the remainder when 140 is divided by 48?
44
Calculate the remainder when 46 is divided by 7.
4
Calculate the remainder when 291 is divided by 44.
27
What is the remainder when 133 is divided by 62?
9
What is the remainder when 669 is divided by 334?
1
Calculate the remainder when 2484 is divided by 228.
204
What is the remainder when 204 is divided by 54?
42
What is the remainder when 60 is divided by 45?
15
What is the remainder when 262 is divided by 31?
14
What is the remainder when 2395 is divided by 160?
155
What is the remainder when 329 is divided by 136?
57
What is the remainder when 3196 is divided by 50?
46
What is the remainder when 32046 is divided by 27?
24
Calculate the remainder when 29 is divided by 4.
1
Calculate the remainder when 501 is divided by 30.
21
Calculate the remainder when 522 is divided by 105.
102
What is the remainder when 35097 is divided by 25?
22
Calculate the remainder when 8314 is divided by 219.
211
Calculate the remainder when 409 is divided by 102.
1
What is the remainder when 88 is divided by 60?
28
What is the remainder when 677 is divided by 38?
31
What is the remainder when 274 is divided by 85?
19
Calculate the remainder when 201 is divided by 34.
31
What is the remainder when 86 is divided by 44?
42
What is the remainder when 115 is divided by 13?
11
Calculate the remainder when 126 is divided by 5.
1
What is the remainder when 61 is divided by 36?
25
What is the remainder when 1324 is divided by 25?
24
What is the remainder when 429 is divided by 49?
37
What is the remainder when 110 is divided by 49?
12
Calculate the remainder when 371 is divided by 326.
45
What is the remainder when 2159 is divided by 30?
29
Calculate the remainder when 595 is divided by 297.
1
Calculate the remainder when 1030 is divided by 49.
1
Calculate the remainder when 192 is divided by 191.
1
Calculate the remainder when 299 is divided by 18.
11
What is the remainder when 89 is divided by 63?
26
Calculate the remainder when 20 is divided by 4.
0
Calculate the remainder when 10 is divided by 2.
0
Calculate the remainder when 132 is divided by 18.
6
What is the remainder when 41 is divided by 33?
8
Calculate the remainder when 1411 is divided by 155.
16
Calculate the remainder when 71 is divided by 6.
5
Calculate the remainder when 1407 is divided by 64.
63
What is the remainder when 70 is divided by 15?
10
Calculate the remainder when 680 is divided by 18.
14
What is the remainder when 2539 is divided by 41?
38
Calculate the remainder when 109 is divided by 41.
27
Calculate the remainder when 67 is divided by 23.
21
Calculate the remainder when 417 is divided by 28.
25
What is the remainder when 322 is divided by 129?
64
Calculate the remainder when 6 is divided by 5.
1
Calculate the remainder when 378 is divided by 372.
6
What is the remainder when 1869 is divided by 48?
45
What is the remainder when 16322 is divided by 308?
306
What is the remainder when 9151 is divided by 1524?
7
Calculate the remainder when 3397 is divided by 34.
31
What is the remainder when 327 is divided by 157?
13
Calculate the remainder when 25089 is divided by 153.
150
What is the remainder when 165 is divided by 28?
25
What is the remainder when 94 is divided by 38?
18
Calculate the remainder when 1306 is divided by 262.
258
Calculate the remainder when 594 is divided by 43.
35
What is the remainder when 295 is divided by 126?
43
Calculate the remainder when 1989 is divided by 17.
0
Calculate the remainder when 171 is divided by 88.
83
Calculate the remainder when 1022 is divided by 35.
7
Calculate the remainder when 1163 is divided by 181.
77
Calculate the remainder when 114 is divided by 7.
2
What is the remainder when 1184 is divided by 365?
89
Calculate the remainder when 206 is divided by 69.
68
Calculate the remainder when 555 is divided by 70.
65
Calculate the remainder when 495 is divided by 36.
27
Calculate the remainder when 342 is divided by 8.
6
Calculate the remainder when 158 is divided by 2.
0
Calculate the remainder when 126 is divided by 95.
31
What is the remainder when 235 is divided by 7?
4
What is the remainder when 182 is divided by 29?
8
Calculate the remainder when 1865 is divided by 188.
173
Calculate the remainder when 69 is divided by 16.
5
What is the remainder when 385 is divided by 64?
1
Calculate the remainder when 2893 is divided by 362.
359
What is the remainder when 1332 is divided by 1331?
1
Calculate the remainder when 3522 is divided by 47.
44
What is the remainder when 29561 is divided by 15?
11
Calculate the remainder when 2633 is divided by 42.
29
Calculate the remainder when 538 is divided by 7.
6
Calculate the remainder when 321 is divided by 71.
37
Calculate the remainder when 36 is divided by 1.
0
What is the remainder when 127 is divided by 47?
33
What is the remainder when 2328 is divided by 196?
172
Calculate the remainder when 13559 is divided by 71.
69
What is the remainder when 540 is divided by 70?
50
Calculate the remainder when 142 is divided by 81.
61
What is the remainder when 1447 is divided by 20?
7
What is the remainder when 75 is divided by 40?
35
Calculate the remainder when 1411 is divided by 240.
211
What is the remainder when 420 is divided by 134?
18
What is the remainder when 1256 is divided by 279?
140
What is the remainder when 950 is divided by 54?
32
What is the remainder when 3298 is divided by 21?
1
Calculate the remainder when 796 is divided by 377.
42
What is the remainder when 220 is divided by 42?
10
What is the remainder when 365 is divided by 66?
35
Calculate the remainder when 6437 is divided by 189.
11
Calculate the remainder when 25868 is divided by 130.
128
Calculate the remainder when 338 is divided by 170.
168
What is the remainder when 193 is divided by 24?
1
What is the remainder when 407 is divided by 16?
7
What is the remainder when 116 is divided by 44?
28
What is the remainder when 286 is divided by 49?
41
Calculate the remainder when 50 is divided by 13.
11
What is the remainder when 41 is divided by 15?
11
Calculate the remainder when 148 is divided by 28.
8
Calculate the remainder when 71 is divided by 26.
19
Calculate the remainder when 1931 is divided by 215.
211
What is the remainder when 583 is divided by 114?
13
Calculate the remainder when 321 is divided by 62.
11
What is the remainder when 92 is divided by 19?
16
Calculate the remainder when 436 is divided by 113.
97
What is the remainder when 1141 is divided by 288?
277
Calculate the remainder when 1618 is divided by 404.
2
What is the remainder when 1678 is divided by 10?
8
What is the remainder when 3012 is divided by 48?
36
Calculate the remainder when 3375 is divided by 20.
15
Calculate the remainder when 20 is divided by 5.
0
What is the remainder when 120 is divided by 21?
15
Calculate the remainder when 1005 is divided by 69.
39
What is the remainder when 12269 is divided by 26?
23
Calculate the remainder when 415 is divided by 16.
15
What is the remainder when 234 is divided by 71?
21
Calculate the remainder when 33 is divided by 12.
9
What is the remainder when 74 is divided by 20?
14
What is the remainder when 1371 is divided by 27?
21
What is the remainder when 93 is divided by 50?
43
Calculate the remainder when 916 is divided by 453.
10
What is the remainder when 3166 is divided by 122?
116
What is the remainder when 5160 is divided by 1708?
36
Calculate the remainder when 536 is divided by 36.
32
Calculate the remainder when 1608 is divided by 35.
33
Calculate the remainder when 1570 is divided by 45.
40
What is the remainder when 194 is divided by 69?
56
Calculate the remainder when 224 is divided by 75.
74
Calculate the remainder when 223 is divided by 25.
23
Calculate the remainder when 518 is divided by 52.
50
Calculate the remainder when 525 is divided by 134.
123
What is the remainder when 411 is divided by 113?
72
Calculate the remainder when 706 is divided by 27.
4
What is the remainder when 977 is divided by 98?
95
What is the remainder when 9364 is divided by 360?
4
What is the remainder when 1587 is divided by 787?
13
What is the remainder when 532 is divided by 41?
40
Calculate the remainder when 1252 is divided by 29.
5
Calculate the rema